vided by p?
8
Let g = -9 + 13. Suppose -g*s = -2*s - 32. Calculate the remainder when 47 is divided by s.
15
Let w(y) = -y**2 + 6*y + 22. What is the remainder when 44 is divided by w(7)?
14
Let f(x) = -x**3 - 6*x**2 - 7*x - 7. Let v be f(-6). Let b = -8 + v. Calculate the remainder when b is divided by 7.
6
Suppose x - 6*x = -15. Suppose 5*t = 3*g + 13, 0 = x*t + g - 7 + 2. Suppose -t*s + 24 = 2*s. What is the remainder when 16 is divided by s?
4
Let q be -4*(-3 + 27/12). What is the remainder when ((-84)/9)/((-2)/q) is divided by 5?
4
Suppose 0 = i + 4*i - 5. Let q be 2*(i + -2) + 6. Suppose 0 = -4*k + 4*x + 64, -k = -4*x - 29 + q. What is the remainder when 38 is divided by k?
12
Let r(m) = -5*m**3 - 4*m**2 - 2*m + 1. What is the remainder when r(-2) is divided by 15?
14
Let x = 11 - -20. Calculate the remainder when x is divided by 16.
15
Let y(u) = u**3 - 10*u**2 + 3*u + 13. Calculate the remainder when 125 is divided by y(10).
39
Let n = 12 + 205. What is the remainder when n is divided by 44?
41
Let v(m) = -108*m**3 - m**2 - 2*m - 1. Let j be v(-1). Suppose -2*f + 81 = 4*a - a, 0 = 4*a - 4*f - j. What is the remainder when 51 is divided by a?
24
Let d = -2 + 25. What is the remainder when d is divided by 6?
5
Let b(v) = -4*v - 18. Let t be b(-8). Suppose 5*o - 219 = -4*x, 0*o + 2*o + 4*x = 90. Let m = o - t. Calculate the remainder when m is divided by 10.
9
Let r(s) = 9*s - 1. Suppose 5*z = -o + 9, 5*z - 51 = -4*o - 0*z. What is the remainder when r(3) is divided by o?
12
Suppose -3*c - x + 83 = 0, 3*c = 4*x + 39 + 19. What is the remainder when 76 is divided by c?
24
Suppose w + w - 5*f = 278, w - 3*f = 139. What is the remainder when w is divided by 47?
45
Let p(t) be the second derivative of -t**4/12 - 4*t**3/3 + 2*t**2 - t. Suppose -n + 8 = -2*n. Calculate the remainder when p(n) is divided by 2.
0
Suppose -2*v = 3*b - 42, -v - 2*b + 16 + 5 = 0. What is the remainder when 41 is divided by v?
20
Suppose -l - l + 5*p = -11, -l - 2 = 5*p. Calculate the remainder when 11 is divided by l.
2
Let r = 126 + -99. What is the remainder when 159 is divided by r?
24
Let u = -215 - -227. What is the remainder when 23 is divided by u?
11
Suppose 6*g - 3*g = 27. Calculate the remainder when 14 is divided by g.
5
Let w be -12 + -2 + 2 + -1. Let a = w - -29. What is the remainder when 47 is divided by a?
15
Let r = -2 - -4. Let q(k) = -3*k - r*k - 1 - 2*k. What is the remainder when q(-6) is divided by 21?
20
Let b(x) = 2*x**2 - 5*x + 5. Calculate the remainder when 9 is divided by b(2).
0
Let p = -52 + 73. Calculate the remainder when p is divided by 8.
5
Let r(t) = 2*t**2 - t - 2. Let y be r(-5). Suppose 2*x + 52 = -2*x + 4*g, 5*g = 4*x + y. Let o = x + 17. What is the remainder when o is divided by 4?
1
Let c(l) = 16*l**3 + 2*l**2 - l. Let u(g) = -g**2 - 26*g - 71. What is the remainder when u(-6) is divided by c(1)?
15
Let n = 102 + -71. Suppose -n = j - 121. Let s = -64 + j. What is the remainder when s is divided by 9?
8
Let k = 4 - 1. Calculate the remainder when k is divided by 1.
0
Let m = 42 - -27. Let n = 113 - m. Calculate the remainder when 9 is divided by (-8)/n - (-136)/22.
3
Let u(l) = -15*l**3 + 1. Calculate the remainder when 31 is divided by u(-1).
15
Suppose -4*h + 105 = -h + 3*r, -6 = 2*r. What is the remainder when h is divided by 13?
12
Let t be ((-2)/(-3))/((-8)/(-12)). Suppose 0 = z - 0*z - t. Suppose 2*o - 1 = 1. Calculate the remainder when o is divided by z.
0
Let a(x) = 0*x - 2*x - x + 2*x + 7. Let p be a(5). Suppose 0 = 2*j - p*z - 74, -3*j + j = -3*z - 73. Calculate the remainder when j is divided by 13.
12
Let x be 6/2 + (1 - -1). Suppose -f + 36 = 4*j - 65, -20 = -j + x*f. Calculate the remainder when j is divided by 9.
7
Suppose 4*u - 28 = -0*u. Calculate the remainder when 2/1*38/4 is divided by u.
5
Let o(m) = 2*m**3 - 5*m**2 - 2*m + 5. Calculate the remainder when o(4) is divided by 12.
9
Let h(r) = -r**2 + 11*r - 9. Suppose 2*i - 44 = -i - 5*s, -4 = -2*i + 3*s. Calculate the remainder when (-1 + 5)*86/8 is divided by h(i).
13
Suppose 14 = 6*g - 4*g. Calculate the remainder when 24 is divided by g.
3
What is the remainder when 23 is divided by 1/(-3)*-3*13?
10
Suppose 8 = -s + 3*q - 4, 3*q - 15 = 0. What is the remainder when (8/s)/(4/24) is divided by 6?
4
Suppose 2*y + 6*x - 4*x = 28, -3*x = -3*y + 66. Calculate the remainder when y is divided by (-80)/(-12) - 1/(-3).
4
Let n be 6/39 - 2/13. Suppose -v + n*c + 7 = -4*c, -3*v = -5*c - 28. What is the remainder when 24/(0 - (-9)/12) is divided by v?
10
Suppose 0 = 4*i + 19 + 29. Let d = -9 - i. What is the remainder when 7 is divided by d?
1
Let n = 12 - 0. What is the remainder when 37 + -1*2 + 0 is divided by n?
11
Let a = -6 - -14. What is the remainder when (44/10)/(2/10) is divided by a?
6
Suppose -10 = -5*g - 0*g - 4*d, 3*d = -15. Let o(z) = 2*z - 9. Suppose -3*q - 4*b + 9 = -2*q, q - 9 = 2*b. What is the remainder when q is divided by o(g)?
0
What is the remainder when 27 is divided by 3/(((-60)/35)/(-4))?
6
What is the remainder when (-8)/44 + 7356/44 is divided by 17?
14
Let b be (-2)/(-2*2)*0. Let z be b*3/9 - -12. Suppose -5*i + z = -3. Calculate the remainder when 7 is divided by i.
1
Let h(w) = 1 + 3*w**2 + 3*w**2 + 2*w - 5*w - w**3. Calculate the remainder when h(4) is divided by 11.
10
Let x be 0*(0 + -1)/(-2). Suppose -g - 4*g + 105 = x. Calculate the remainder when 40 is divided by g.
19
Let y be 6/4*(-10)/(-3). Suppose 0 = 5*q + c + 3*c - 55, -y*q + 10 = -5*c. What is the remainder when q is divided by 5 + -1 - (1 - 1)?
3
Let t be (-3)/6*(-1 - 1). Let o = 3 - t. Let d(f) = 4*f**2 - 3*f + 1. What is the remainder when 32 is divided by d(o)?
10
Let d = 15 - 15. Suppose -3*y = 2*r - 3*r - 10, 3*r + 10 = 4*y. Suppose d = -0*u - u + y. What is the remainder when u is divided by 2?
0
Suppose -2*d + 0*d + 8 = 0. What is the remainder when 4 is divided by d?
0
Suppose -5*u + 2*j + 12 = 0, 6*j - 4*j = 3*u - 8. Suppose 88 = 3*n - 4*h, u*n - 12 - 20 = -4*h. Let b = 11 + 2. What is the remainder when n is divided by b?
11
Suppose -207 = -4*q + 3*y, -4*q - y = -2*q - 101. What is the remainder when q is divided by 9?
6
Suppose 68 = 3*q - 3*h - 79, 4*h - 212 = -4*q. Let i(a) = 2*a**2 + 8*a + 3. What is the remainder when q is divided by i(-5)?
12
Let c(h) = -h**2 - 10*h - 9. What is the remainder when 42 is divided by c(-6)?
12
Let t(y) = y + 16. What is the remainder when t(-5) is divided by 5?
1
Suppose -3*h = 2*r - 76, 2*h + 3*r = 8*r + 19. Let d = 9 - 3. What is the remainder when h is divided by d?
4
Let c(w) = w**3 + 7*w**2 + 6*w + 5. Let h be 1 + -2 + 0 + 5. Let u = 9 + h. What is the remainder when u is divided by c(-6)?
3
Suppose 0 = -2*f + 5*i + 60, -5*f - 2*i + 109 = -2*f. Suppose -3*g + w + 37 = 0, 2*w + 62 = 3*g + 2*g. Calculate the remainder when f is divided by g.
11
Suppose 0*x + 5*b = -4*x + 14, 5*b + 40 = 5*x. Calculate the remainder when 48 is divided by x/12 + 66/4.
14
Let c(m) = -m**3 + 7*m**2 - 3*m + 3. Calculate the remainder when 60 is divided by c(6).
18
Let q = -151 + 282. Calculate the remainder when q is divided by 11.
10
Let u(y) = y**3 - 4*y**2 - 6*y + 11. Calculate the remainder when u(7) is divided by 24.
20
Let d(k) = -6*k**2 + 4*k + 2. Let m be d(-2). Calculate the remainder when 14 is divided by (-1)/(4/(m + -2)).
6
Let p(s) = -2*s**3 - 3*s**2 - 12. What is the remainder when p(-3) is divided by 6?
3
Let b be (-1 + 4)*(0 - -2). Let s be (b/(-2))/(-3)*4. Suppose c + 18 = s*c. What is the remainder when 10 is divided by c?
4
Let j = 18 + -11. What is the remainder when 13 is divided by j?
6
Let p = -149 - -183. What is the remainder when 67 is divided by p?
33
Let w(p) = -p + 29. Calculate the remainder when 91 is divided by w(10).
15
Suppose -k = -2*l - 2, 2*l + k + 2*k + 2 = 0. Let h = 3269 - 3198. Calculate the remainder when h is divided by (36/10)/(l/(-5)).
17
Suppose 3*d - 11 - 1 = 0. What is the remainder when ((-30)/(-9))/2*15 is divided by (-2)/d*1*-26?
12
Let r(i) = 16*i**2 + i + 1. Suppose -4*y + 4 = -2*y. Let m = 7 + y. What is the remainder when r(-1) is divided by m?
7
Let k be (1/(-2))/((-1)/(-8)). Let f = 1 - k. Calculate the remainder when 18 is divided by f.
3
Let g(z) = -z**2 - 13*z + 7. Calculate the 